{"id":646,"date":"2026-03-29T17:40:37","date_gmt":"2026-03-29T17:40:37","guid":{"rendered":"https:\/\/sodyhtlupa.net\/?page_id=646"},"modified":"2026-04-09T20:23:42","modified_gmt":"2026-04-09T17:23:42","slug":"lomakkeet","status":"publish","type":"page","link":"https:\/\/sodyhtlupa.net\/?page_id=646","title":{"rendered":"Lomakkeet"},"content":{"rendered":"\n<p>T\u00e4lt\u00e4 sivulta l\u00f6yd\u00e4t kaikki tarvittavat lomakkeen hirvenpyyntiin ilmoittamista varten. Lomakkeista on tehty eri pituisia eri kokoisille seuroille ja seurueille.<\/p>\n\n\n\n<div class=\"wp-block-file\"><a id=\"wp-block-file--media-c6cf0079-67ae-4fb9-8369-28f7e8999f0f\" href=\"https:\/\/sodyhtlupa.net\/wp-content\/uploads\/2026\/04\/LibreOffice-Calc-ohje-lukitulle-Microsoft-excel-taulukolle.pdf\" target=\"_blank\" rel=\"noreferrer noopener\"><strong>LibreOffice Calc ohje lukitulle Microsoft excel taulukolle<\/strong><\/a><\/div>\n\n\n\n<p><\/p>\n\n\n\n<p><em>Alla olevat lomakkeet ovat tarkoitettu seurojen tai seurueiden sis\u00e4isten hirvenmets\u00e4stysseurueiden ampujaluettelon ker\u00e4\u00e4miseen.<\/em><\/p>\n\n\n\n<div class=\"wp-block-file\"><a id=\"wp-block-file--media-24475f23-eda3-4263-80a7-b61c5dad00be\" href=\"https:\/\/sodyhtlupa.net\/wp-content\/uploads\/2026\/04\/Ampujaluettelo_2026_vaihda_nimi30.xlsx\">Ampujaluettelo 2026 seurue max 30 ampujaa<\/a><\/div>\n\n\n\n<div class=\"wp-block-file\"><a id=\"wp-block-file--media-5cce959f-df98-4453-8881-1d328d460b65\" href=\"https:\/\/sodyhtlupa.net\/wp-content\/uploads\/2026\/04\/Ampujaluettelo_2026_vaihda_nimi50.xlsx\">Ampujaluettelo 2026 seurue max 50 ampujaa<\/a><\/div>\n\n\n\n<p><\/p>\n\n\n\n<p><em>Alla olevat lomakkeet ovat seurojen tai seurueiden osakasp\u00e4\u00e4llik\u00f6iden k\u00e4ytt\u00f6\u00f6n. Lataa omasi ja vaihda nimen loppuosa 2026 j\u00e4lkeen oman seuran tai seurueen nimell\u00e4.<\/em><\/p>\n\n\n\n<div class=\"wp-block-file\"><a id=\"wp-block-file--media-aa49185f-a88e-44d3-9578-54b9201b88eb\" href=\"https:\/\/sodyhtlupa.net\/wp-content\/uploads\/2026\/04\/Ampujaluettelo_ja_kansilehti_2026_vaihda_nimi50.xlsx\">Ampujaluettelo ja kansilehti 2026 seura tai seurue max 50 ampujaa<\/a><\/div>\n\n\n\n<div class=\"wp-block-file\"><a id=\"wp-block-file--media-e945a76e-6d87-46e2-b516-157afd753e0d\" href=\"https:\/\/sodyhtlupa.net\/wp-content\/uploads\/2026\/04\/Ampujaluettelo_ja_kansilehti_2026_vaihda_nimi100.xlsx\">Ampujaluettelo ja kansilehti 2026 seura tai seurue max 100 ampujaa<\/a><\/div>\n\n\n\n<div class=\"wp-block-file\"><a id=\"wp-block-file--media-374233a4-8f24-4296-a74b-b0988f18c056\" href=\"https:\/\/sodyhtlupa.net\/wp-content\/uploads\/2026\/04\/Ampujaluettelo_ja_kansilehti_2026_vaihda_nimi200.xlsx\">Ampujaluettelo ja kansilehti 2026 seura tai seurue max 200 ampujaa<\/a><\/div>\n\n\n\n<p><\/p>\n\n\n\n<p><\/p>\n","protected":false},"excerpt":{"rendered":"<p>T\u00e4lt\u00e4 sivulta l\u00f6yd\u00e4t kaikki tarvittavat lomakkeen hirvenpyyntiin ilmoittamista varten. Lomakkeista on tehty eri pituisia eri kokoisille seuroille ja seurueille. Alla olevat lomakkeet ovat tarkoitettu seurojen tai seurueiden sis\u00e4isten hirvenmets\u00e4stysseurueiden ampujaluettelon ker\u00e4\u00e4miseen. Alla olevat lomakkeet ovat seurojen tai seurueiden osakasp\u00e4\u00e4llik\u00f6iden k\u00e4ytt\u00f6\u00f6n. Lataa omasi ja vaihda nimen loppuosa 2026 j\u00e4lkeen oman seuran tai seurueen nimell\u00e4.<\/p>\n","protected":false},"author":1,"featured_media":0,"parent":0,"menu_order":0,"comment_status":"closed","ping_status":"closed","template":"","meta":{"footnotes":""},"class_list":["post-646","page","type-page","status-publish","hentry"],"_links":{"self":[{"href":"https:\/\/sodyhtlupa.net\/index.php?rest_route=\/wp\/v2\/pages\/646","targetHints":{"allow":["GET"]}}],"collection":[{"href":"https:\/\/sodyhtlupa.net\/index.php?rest_route=\/wp\/v2\/pages"}],"about":[{"href":"https:\/\/sodyhtlupa.net\/index.php?rest_route=\/wp\/v2\/types\/page"}],"author":[{"embeddable":true,"href":"https:\/\/sodyhtlupa.net\/index.php?rest_route=\/wp\/v2\/users\/1"}],"replies":[{"embeddable":true,"href":"https:\/\/sodyhtlupa.net\/index.php?rest_route=%2Fwp%2Fv2%2Fcomments&post=646"}],"version-history":[{"count":12,"href":"https:\/\/sodyhtlupa.net\/index.php?rest_route=\/wp\/v2\/pages\/646\/revisions"}],"predecessor-version":[{"id":755,"href":"https:\/\/sodyhtlupa.net\/index.php?rest_route=\/wp\/v2\/pages\/646\/revisions\/755"}],"wp:attachment":[{"href":"https:\/\/sodyhtlupa.net\/index.php?rest_route=%2Fwp%2Fv2%2Fmedia&parent=646"}],"curies":[{"name":"wp","href":"https:\/\/api.w.org\/{rel}","templated":true}]}}