{"id":16,"date":"2023-06-26T15:09:46","date_gmt":"2023-06-26T15:09:46","guid":{"rendered":"https:\/\/sodyhtlupa.net.wp2.kotisivut.com\/?page_id=16"},"modified":"2026-04-02T20:55:01","modified_gmt":"2026-04-02T17:55:01","slug":"sodankylan-ja-koilliskairan-hirviyhteisluvat","status":"publish","type":"page","link":"https:\/\/sodyhtlupa.net\/","title":{"rendered":"Sodankyl\u00e4n hirviyhteislupa"},"content":{"rendered":"\n<p>Sodankyl\u00e4n hirviyhteislupa sai alkunsa vuonna 1991 Sodankyl\u00e4n riistanhoitoyhdistyksen silloisten puheenjohtajan Antero Lakelan ja toiminnanohjaajan Jorma Lappalaisen kyll\u00e4stytty\u00e4 k\u00e4sittelem\u00e4\u00e4n suuria m\u00e4\u00e4ri\u00e4 yhden ja muutaman hirven lupahakemuksia. Ensimm\u00e4isen\u00e4 yhteisluvan vet\u00e4j\u00e4n\u00e4 toimi Jukka Vierma.<\/p>\n\n\n\n<p>Perinteisesti Lapissa laajoille valtionmaille on haettu lupia &#8221;mies ja hirvi&#8221; -periaatteella. Lupam\u00e4\u00e4rien lis\u00e4\u00e4ntyess\u00e4, lakien ja lupak\u00e4yt\u00e4nt\u00f6jen muuttuessa on viranomaisten ty\u00f6t\u00e4 siirtynyt mets\u00e4st\u00e4jien hoidettavaksi. Sodankyl\u00e4n mets\u00e4st\u00e4j\u00e4m\u00e4\u00e4r\u00e4 on noin 3300 mets\u00e4st\u00e4j\u00e4\u00e4. <\/p>\n\n\n\n<p>Suuri valtionmaiden osuus vaikuttaa Sodankyl\u00e4n hirvenpyyntiin tuoden mets\u00e4stysj\u00e4rjestelyille muusta maasta eri\u00e4vi\u00e4 k\u00e4yt\u00e4nt\u00f6j\u00e4 mm. puoltoperusteiden kautta. Hirvi\u00e4 jaetaan pyydett\u00e4v\u00e4ksi edelleen &#8221;miesperiaatteella&#8221;. Toki mets\u00e4stysseurojen pyynti sis\u00e4lt\u00e4\u00e4 suuren osan luvista, mutta seurojenkin pyyntiin valtionmaat vaikuttaa suuresti. Mets\u00e4styslain tasapuolisuuden vaatimus edellytt\u00e4\u00e4 lupien tasapuolista jakamista, my\u00f6s silloin, kun hakijalla on yksityismaita ja hakee lis\u00e4ksi valtion mailta. N\u00e4in hakee kaikki Sodankyl\u00e4n seurat. <\/p>\n\n\n\n<p>Yhteislupa helpottaa paikallista lupa-asioiden k\u00e4sittely\u00e4, verotuksen suuntaamista, verotuksen rakennetta ja joustavuutta pyynniss\u00e4. Mm. pirstaleisista alueista saadaan muodostettua pyyntialueita. Hirvenpyynti koetaan yhteisluvan kautta enemm\u00e4n yhteiseksi asiaksi, vastuunkanto hirvikannasta ja pyynnist\u00e4 on selke\u00e4mmin mets\u00e4st\u00e4j\u00e4kunnan oma asia. Yhteisluvan edustajat saavat j\u00e4rjestetty\u00e4 luvan asioita viranomaisiin ja muihin yhteisty\u00f6tahoihin joustavasti.<\/p>\n\n\n\n<p>Vuonna 1997 haettiin erillinen vet\u00e4j\u00e4 yhteisluvalle ja toiminta eriytettiin riistanhoitoyhdistyksen toiminnasta. Tietotekniikka on auttanut asioiden hoidossa ja Oma riista on k\u00e4yt\u00f6ss\u00e4 paperittomasti.  Vaikka riistanhoitoyhdistys oli yhteisluvan synnytt\u00e4j\u00e4n\u00e4, niin nykyisin mets\u00e4styslain muuttumisen my\u00f6t\u00e4 riistanhoitoyhdistys on lausunnonantaja lupaviranomaisena virkavastuulla yhteislupaan, joten yhteislupa on t\u00e4ysin erillinen mets\u00e4st\u00e4jien oma vapaaehtoinen yhteenliittym\u00e4. Toki yhteisty\u00f6t\u00e4 on, mutta se kuuluu normaaliin asioiden hoitoon sek\u00e4 Sodankyl\u00e4n hirvikannan hoitoon ja hirvenpyynnin j\u00e4rjest\u00e4miseen. Yhteislupa ei ole rekister\u00f6itynyt seuraksi. Osa mielt\u00e4\u00e4 yhteisluvan riistanhoitoyhdistyksen toiminnaksi, mutta n\u00e4in ei ole.<\/p>\n\n\n\n<p>Ensimm\u00e4isen\u00e4 vet\u00e4j\u00e4n\u00e4 toimi Jukka Vierma vv. 1991-1996. Jukan j\u00e4lkeen vet\u00e4j\u00e4n\u00e4 toimi Hannu J\u00e4nk\u00e4l\u00e4 vv. 1997-2002 Tuomo Kokkoniemen toimessa varamiehen\u00e4. Tuomon muuttaessa pois varamieheksi tuli Heikki Remes v. 2000. Hannu luopui vetovastuusta v. 2002 lopussa ja Heikki Remes jatkoi vet\u00e4j\u00e4n\u00e4. Varamieheksi tuli samalla Kauko Karjalainen. Vuonna 2006 uudeksi vet\u00e4j\u00e4ksi tuli Jyrki Siirtola Sodankyl\u00e4n yhteislupaan ja varamiehen\u00e4 jatkoi Heikki Remes. UK-puisto eli Koilliskaira eriytettiin omaksi lupa-alueekseen v. 2006 erilaisen puoltoperusteen vuoksi. Vuonna 2007 yhteisluvan vet\u00e4j\u00e4n\u00e4 toimi edelleen Jyrki Siirtola ja toiseksi vet\u00e4j\u00e4ksi Timo Annala. Vuonna 2012 vet\u00e4j\u00e4ksi ryhtyi Jouko Kaihua ja toisena jatkoi Timo Annala. Vuonna 2019 toiseksi vet\u00e4j\u00e4ksi tuli Vili V\u00e4yrynen, joka toimii Koilliskairan yhteisluvan vet\u00e4j\u00e4n\u00e4. V. 2025 uutena Sodankyl\u00e4n yhteisluvan vet\u00e4j\u00e4n\u00e4 on aloittanut Jani Kustula ja Vili V\u00e4yrynen on toisena hoitaen Koilliskairan lupa-asiat.<\/p>\n\n\n\n<p>Vuonna 2026 lupa-alueet muuttui siten, ett\u00e4 erillinen Koilliskairan alue eli UK-puiston yhteislupa p\u00e4\u00e4ttyy Riistakeskuksen p\u00e4\u00e4t\u00f6ksell\u00e4 ja jatkossa on yksi yhteislupa. Sodankyl\u00e4n hirviyhteisluvassa sis\u00e4isesti on luotu menettely lupien jakoon. Koilliskairan pyynti\u00e4 on kompensoitu pienemm\u00e4ll\u00e4 pyyt\u00e4j\u00e4m\u00e4\u00e4r\u00e4ll\u00e4, jotta halukkuus pyyt\u00e4\u00e4  s\u00e4ilyy ja my\u00f6s Koilliskairassa pyydet\u00e4\u00e4n hirvi\u00e4 edelleen. Er\u00e4s perustehan on UKK-puiston perustamisessa on paikallisen er\u00e4kulttuurin s\u00e4ilytt\u00e4minen. Alueella on mets\u00e4stetty jopa vuosituhansia. <\/p>\n\n\n\n<p>Lupam\u00e4\u00e4r\u00e4 on vaihdellut noin 150 ja liki 1300 hirven v\u00e4lill\u00e4 ja pyyntialuetta on kaikkiaan liki 1 milj. ha. Mets\u00e4st\u00e4ji\u00e4 yhteisluvissa on ollut noin 1800 henke\u00e4, noin 34 seuraa ja 37 seuruetta hieman vaihdellen vuosittain. Ulkopaikkakuntalaisia on noin 400, joista suurin osa on entisi\u00e4 sodankyl\u00e4l\u00e4isi\u00e4, muuten sidoksissa Sodankyl\u00e4\u00e4n ja opiskelijoita Sodankyl\u00e4st\u00e4, joiden on pit\u00e4nyt muuttaa kotipaikkansa opiskelupaikkakunnalle.<\/p>\n\n\n\n<p>Oma riista on t\u00e4ydess\u00e4 k\u00e4yt\u00f6ss\u00e4 ja paperilla ei asioita hoideta. <\/p>\n","protected":false},"excerpt":{"rendered":"","protected":false},"author":1,"featured_media":747,"parent":0,"menu_order":1,"comment_status":"open","ping_status":"closed","template":"","meta":{"footnotes":""},"class_list":["post-16","page","type-page","status-publish","has-post-thumbnail","hentry"],"_links":{"self":[{"href":"https:\/\/sodyhtlupa.net\/index.php?rest_route=\/wp\/v2\/pages\/16","targetHints":{"allow":["GET"]}}],"collection":[{"href":"https:\/\/sodyhtlupa.net\/index.php?rest_route=\/wp\/v2\/pages"}],"about":[{"href":"https:\/\/sodyhtlupa.net\/index.php?rest_route=\/wp\/v2\/types\/page"}],"author":[{"embeddable":true,"href":"https:\/\/sodyhtlupa.net\/index.php?rest_route=\/wp\/v2\/users\/1"}],"replies":[{"embeddable":true,"href":"https:\/\/sodyhtlupa.net\/index.php?rest_route=%2Fwp%2Fv2%2Fcomments&post=16"}],"version-history":[{"count":9,"href":"https:\/\/sodyhtlupa.net\/index.php?rest_route=\/wp\/v2\/pages\/16\/revisions"}],"predecessor-version":[{"id":667,"href":"https:\/\/sodyhtlupa.net\/index.php?rest_route=\/wp\/v2\/pages\/16\/revisions\/667"}],"wp:featuredmedia":[{"embeddable":true,"href":"https:\/\/sodyhtlupa.net\/index.php?rest_route=\/wp\/v2\/media\/747"}],"wp:attachment":[{"href":"https:\/\/sodyhtlupa.net\/index.php?rest_route=%2Fwp%2Fv2%2Fmedia&parent=16"}],"curies":[{"name":"wp","href":"https:\/\/api.w.org\/{rel}","templated":true}]}}